{"id":654,"date":"2024-05-06T10:24:48","date_gmt":"2024-05-06T08:24:48","guid":{"rendered":"https:\/\/jdcpvo.com\/?page_id=654"},"modified":"2024-06-04T16:51:16","modified_gmt":"2024-06-04T14:51:16","slug":"village-des-exposants-2","status":"publish","type":"page","link":"https:\/\/jdcpvo.com\/index.php\/village-des-exposants-2\/","title":{"rendered":"Village des exposants"},"content":{"rendered":"\n<div class=\"wp-block-query is-layout-flow wp-block-query-is-layout-flow\"><ul class=\"wp-block-post-template is-content-justification-center is-layout-flow wp-container-core-post-template-is-layout-269a4d4e wp-block-post-template-is-layout-flow\"><li class=\"wp-block-post post-1904 post type-post status-publish format-standard has-post-thumbnail hentry category-exposants category-partenaires\">\n<h2 class=\"wp-block-post-title has-large-font-size\"><a href=\"https:\/\/jdcpvo.com\/index.php\/2024\/06\/04\/charlotte-photographie\/\" target=\"_self\" >CHARLOTTE PHOTOGRAPHIE<\/a><\/h2>\n\n<figure style=\"width:150px;height:150px;\" class=\"alignwide wp-block-post-featured-image wp-duotone-unset-1\"><a href=\"https:\/\/jdcpvo.com\/index.php\/2024\/06\/04\/charlotte-photographie\/\" target=\"_self\"  style=\"height:150px\"><img decoding=\"async\" width=\"254\" height=\"170\" src=\"https:\/\/jdcpvo.com\/wp-content\/uploads\/2024\/06\/image-1.png\" class=\"attachment-post-thumbnail size-post-thumbnail wp-post-image\" alt=\"CHARLOTTE PHOTOGRAPHIE\" style=\"height:150px;object-fit:cover;\" \/><\/a><\/figure>\n\n<div class=\"wp-block-post-excerpt\"><p class=\"wp-block-post-excerpt__excerpt\"><\/p><p class=\"wp-block-post-excerpt__more-text\"><a class=\"wp-block-post-excerpt__more-link\" href=\"https:\/\/jdcpvo.com\/index.php\/2024\/06\/04\/charlotte-photographie\/\">lire la suite<\/a><\/p><\/div>\n\n\n<hr class=\"wp-block-separator has-css-opacity\"\/>\n\n\n<div class=\"wp-block-post-date\"><time datetime=\"2024-06-04T16:27:11+02:00\">4 juin 2024<\/time><\/div>\n<\/li><li class=\"wp-block-post post-1902 post type-post status-publish format-standard has-post-thumbnail hentry category-exposants category-partenaires\">\n<h2 class=\"wp-block-post-title has-large-font-size\"><a href=\"https:\/\/jdcpvo.com\/index.php\/2024\/06\/04\/ileps\/\" target=\"_self\" >ILEPS<\/a><\/h2>\n\n<figure style=\"width:150px;height:150px;\" class=\"alignwide wp-block-post-featured-image wp-duotone-unset-2\"><a href=\"https:\/\/jdcpvo.com\/index.php\/2024\/06\/04\/ileps\/\" target=\"_self\"  style=\"height:150px\"><img fetchpriority=\"high\" decoding=\"async\" width=\"225\" height=\"225\" src=\"https:\/\/jdcpvo.com\/wp-content\/uploads\/2024\/06\/img_3371-1.jpg\" class=\"attachment-post-thumbnail size-post-thumbnail wp-post-image\" alt=\"ILEPS\" style=\"height:150px;object-fit:cover;\" srcset=\"https:\/\/jdcpvo.com\/wp-content\/uploads\/2024\/06\/img_3371-1.jpg 225w, https:\/\/jdcpvo.com\/wp-content\/uploads\/2024\/06\/img_3371-1-150x150.jpg 150w\" sizes=\"(max-width: 225px) 100vw, 225px\" \/><\/a><\/figure>\n\n<div class=\"wp-block-post-excerpt\"><p class=\"wp-block-post-excerpt__excerpt\">ILEPS,&nbsp;plus qu\u2019une&nbsp;\u00e9cole, un&nbsp;\u00e9tat d\u2019esprit&nbsp;! Cr\u00e9\u00e9e en&nbsp;1944, l\u2019ILEPS forme&nbsp;aux m\u00e9tiers du Sport et de l\u2019Enseignement&nbsp;en proposant des formations de post-bac \u00e0 Bac+5 qui r\u00e9pondent id\u00e9alement aux \u00e9volutions de ces secteurs. Les cursus sont valid\u00e9s par des&nbsp;dipl\u00f4mes universitaires&nbsp;et reconnus par l\u2019\u00e9tat de&nbsp;Licence&nbsp;et de&nbsp;Master.&nbsp; L\u2019ILEPS permet \u00e0 ses \u00e9tudiants de transformer leur passion en m\u00e9tier, en devenant&nbsp;:&nbsp; L\u2019\u00e9cole<\/p><p class=\"wp-block-post-excerpt__more-text\"><a class=\"wp-block-post-excerpt__more-link\" href=\"https:\/\/jdcpvo.com\/index.php\/2024\/06\/04\/ileps\/\">lire la suite<\/a><\/p><\/div>\n\n\n<hr class=\"wp-block-separator has-css-opacity\"\/>\n\n\n<div class=\"wp-block-post-date\"><time datetime=\"2024-06-04T16:26:26+02:00\">4 juin 2024<\/time><\/div>\n<\/li><li class=\"wp-block-post post-1626 post type-post status-publish format-standard hentry category-exposants\">\n<h2 class=\"wp-block-post-title has-large-font-size\"><a href=\"https:\/\/jdcpvo.com\/index.php\/2024\/05\/31\/rodolphe-joseph\/\" target=\"_self\" >RODOLPHE JOSEPH<\/a><\/h2>\n\n\n\n<div class=\"wp-block-post-excerpt\"><p class=\"wp-block-post-excerpt__excerpt\"><\/p><p class=\"wp-block-post-excerpt__more-text\"><a class=\"wp-block-post-excerpt__more-link\" href=\"https:\/\/jdcpvo.com\/index.php\/2024\/05\/31\/rodolphe-joseph\/\">lire la suite<\/a><\/p><\/div>\n\n\n<hr class=\"wp-block-separator has-css-opacity\"\/>\n\n\n<div class=\"wp-block-post-date\"><time datetime=\"2024-05-31T10:48:47+02:00\">31 mai 2024<\/time><\/div>\n<\/li><li class=\"wp-block-post post-1538 post type-post status-publish format-standard has-post-thumbnail hentry category-exposants\">\n<h2 class=\"wp-block-post-title has-large-font-size\"><a href=\"https:\/\/jdcpvo.com\/index.php\/2024\/05\/29\/servive-jeunesse-et-sport\/\" target=\"_self\" >SERVICE JEUNESSE ET SPORT<\/a><\/h2>\n\n<figure style=\"width:150px;height:150px;\" class=\"alignwide wp-block-post-featured-image wp-duotone-unset-4\"><a href=\"https:\/\/jdcpvo.com\/index.php\/2024\/05\/29\/servive-jeunesse-et-sport\/\" target=\"_self\"  style=\"height:150px\"><img decoding=\"async\" width=\"250\" height=\"156\" src=\"https:\/\/jdcpvo.com\/wp-content\/uploads\/2024\/05\/logo-sdjes.png\" class=\"attachment-post-thumbnail size-post-thumbnail wp-post-image\" alt=\"SERVICE JEUNESSE ET SPORT\" style=\"height:150px;object-fit:cover;\" \/><\/a><\/figure>\n\n<div class=\"wp-block-post-excerpt\"><p class=\"wp-block-post-excerpt__excerpt\">Pr\u00e9sentationLe Service d\u00e9partemental \u00e0 la Jeunesse, \u00e0 l\u2019Engagement et aux Sports du Val-d\u2019Oise (SDJES 95) a rejoint la Direction des services d\u00e9partementaux de l&rsquo;\u00c9ducation nationale du Val-d&rsquo;Oisele 1er janvier 2021. Cette r\u00e9forme territoriale a pour objectif de d\u00e9velopper une visioncompl\u00e8te de l\u2019enfant, de l\u2019adolescent et du jeune au cours de leurs diff\u00e9rents temps de vie.Le<\/p><p class=\"wp-block-post-excerpt__more-text\"><a class=\"wp-block-post-excerpt__more-link\" href=\"https:\/\/jdcpvo.com\/index.php\/2024\/05\/29\/servive-jeunesse-et-sport\/\">lire la suite<\/a><\/p><\/div>\n\n\n<hr class=\"wp-block-separator has-css-opacity\"\/>\n\n\n<div class=\"wp-block-post-date\"><time datetime=\"2024-05-29T15:55:56+02:00\">29 mai 2024<\/time><\/div>\n<\/li><li class=\"wp-block-post post-1530 post type-post status-publish format-standard has-post-thumbnail hentry category-exposants\">\n<h2 class=\"wp-block-post-title has-large-font-size\"><a href=\"https:\/\/jdcpvo.com\/index.php\/2024\/05\/29\/vsp-center\/\" target=\"_self\" >VSP CENTER<\/a><\/h2>\n\n<figure style=\"width:150px;height:150px;\" class=\"alignwide wp-block-post-featured-image wp-duotone-unset-5\"><a href=\"https:\/\/jdcpvo.com\/index.php\/2024\/05\/29\/vsp-center\/\" target=\"_self\"  style=\"height:150px\"><img loading=\"lazy\" decoding=\"async\" width=\"128\" height=\"128\" src=\"https:\/\/jdcpvo.com\/wp-content\/uploads\/2024\/05\/logo-vsp-center.png\" class=\"attachment-post-thumbnail size-post-thumbnail wp-post-image\" alt=\"VSP CENTER\" style=\"height:150px;object-fit:cover;\" \/><\/a><\/figure>\n\n<div class=\"wp-block-post-excerpt\"><p class=\"wp-block-post-excerpt__excerpt\">Vsp Center 95, une concession sp\u00e9cialis\u00e9e dans la vente de voitures sans permis, propose des services de location et d&rsquo;entretien en Val-d&rsquo;Oise (95). 2, route de le t\u00eate Richard 95350 Piscop 01.30.18.00.61<\/p><p class=\"wp-block-post-excerpt__more-text\"><a class=\"wp-block-post-excerpt__more-link\" href=\"https:\/\/jdcpvo.com\/index.php\/2024\/05\/29\/vsp-center\/\">lire la suite<\/a><\/p><\/div>\n\n\n<hr class=\"wp-block-separator has-css-opacity\"\/>\n\n\n<div class=\"wp-block-post-date\"><time datetime=\"2024-05-29T15:42:22+02:00\">29 mai 2024<\/time><\/div>\n<\/li><li class=\"wp-block-post post-1270 post type-post status-publish format-standard has-post-thumbnail hentry category-exposants\">\n<h2 class=\"wp-block-post-title has-large-font-size\"><a href=\"https:\/\/jdcpvo.com\/index.php\/2024\/05\/22\/mfr-stsulpicemfr-asso-fr\/\" target=\"_self\" >MFR SAINT SULPICE<\/a><\/h2>\n\n<figure style=\"width:150px;height:150px;\" class=\"alignwide wp-block-post-featured-image wp-duotone-unset-6\"><a href=\"https:\/\/jdcpvo.com\/index.php\/2024\/05\/22\/mfr-stsulpicemfr-asso-fr\/\" target=\"_self\"  style=\"height:150px\"><img loading=\"lazy\" decoding=\"async\" width=\"279\" height=\"123\" src=\"https:\/\/jdcpvo.com\/wp-content\/uploads\/2024\/06\/image.png\" class=\"attachment-post-thumbnail size-post-thumbnail wp-post-image\" alt=\"MFR SAINT SULPICE\" style=\"height:150px;object-fit:cover;\" \/><\/a><\/figure>\n\n<div class=\"wp-block-post-excerpt\"><p class=\"wp-block-post-excerpt__excerpt\"><\/p><p class=\"wp-block-post-excerpt__more-text\"><a class=\"wp-block-post-excerpt__more-link\" href=\"https:\/\/jdcpvo.com\/index.php\/2024\/05\/22\/mfr-stsulpicemfr-asso-fr\/\">lire la suite<\/a><\/p><\/div>\n\n\n<hr class=\"wp-block-separator has-css-opacity\"\/>\n\n\n<div class=\"wp-block-post-date\"><time datetime=\"2024-05-22T09:25:25+02:00\">22 mai 2024<\/time><\/div>\n<\/li><li class=\"wp-block-post post-1220 post type-post status-publish format-standard has-post-thumbnail hentry category-exposants category-partenaires\">\n<h2 class=\"wp-block-post-title has-large-font-size\"><a href=\"https:\/\/jdcpvo.com\/index.php\/2024\/05\/21\/fiere-allure\/\" target=\"_self\" >SELLERIE FI\u00c8RE ALLURE SOISY SOUS MONTMORENCY<\/a><\/h2>\n\n<figure style=\"width:150px;height:150px;\" class=\"alignwide wp-block-post-featured-image wp-duotone-unset-7\"><a href=\"https:\/\/jdcpvo.com\/index.php\/2024\/05\/21\/fiere-allure\/\" target=\"_self\"  style=\"height:150px\"><img loading=\"lazy\" decoding=\"async\" width=\"150\" height=\"150\" src=\"https:\/\/jdcpvo.com\/wp-content\/uploads\/2024\/05\/logo-fiere-allure.jpg\" class=\"attachment-post-thumbnail size-post-thumbnail wp-post-image\" alt=\"SELLERIE FI\u00c8RE ALLURE SOISY SOUS MONTMORENCY\" style=\"height:150px;object-fit:cover;\" \/><\/a><\/figure>\n\n<div class=\"wp-block-post-excerpt\"><p class=\"wp-block-post-excerpt__excerpt\">Install\u00e9e depuis 2009 \u00e0 Soisy sous Montmorency dans le Val d&rsquo;Oise, nous vous proposons une s\u00e9lection de marques fran\u00e7aises et europ\u00e9ennes.Notre implantation au c\u0153ur de la Vall\u00e9e de Montmorency n&rsquo;est pas le fait du hasard.\u00a0En effet ce d\u00e9partement situ\u00e9 au nord ouest de l\u2019\u00cele de France est d&rsquo;une richesse souvent m\u00e9connue avec ses 3 for\u00eats<\/p><p class=\"wp-block-post-excerpt__more-text\"><a class=\"wp-block-post-excerpt__more-link\" href=\"https:\/\/jdcpvo.com\/index.php\/2024\/05\/21\/fiere-allure\/\">lire la suite<\/a><\/p><\/div>\n\n\n<hr class=\"wp-block-separator has-css-opacity\"\/>\n\n\n<div class=\"wp-block-post-date\"><time datetime=\"2024-05-21T22:49:37+02:00\">21 mai 2024<\/time><\/div>\n<\/li><li class=\"wp-block-post post-1218 post type-post status-publish format-standard has-post-thumbnail hentry category-exposants category-partenaires\">\n<h2 class=\"wp-block-post-title has-large-font-size\"><a href=\"https:\/\/jdcpvo.com\/index.php\/2024\/05\/21\/padd\/\" target=\"_self\" >SELLERIE PADD SAINT OUEN L\u2019AUM\u00d4NE<\/a><\/h2>\n\n<figure style=\"width:150px;height:150px;\" class=\"alignwide wp-block-post-featured-image wp-duotone-unset-8\"><a href=\"https:\/\/jdcpvo.com\/index.php\/2024\/05\/21\/padd\/\" target=\"_self\"  style=\"height:150px\"><img loading=\"lazy\" decoding=\"async\" width=\"258\" height=\"75\" src=\"https:\/\/jdcpvo.com\/wp-content\/uploads\/2024\/05\/logo-de-padd.png\" class=\"attachment-post-thumbnail size-post-thumbnail wp-post-image\" alt=\"SELLERIE PADD SAINT OUEN L\u2019AUM\u00d4NE\" style=\"height:150px;object-fit:cover;\" \/><\/a><\/figure>\n\n<div class=\"wp-block-post-excerpt\"><p class=\"wp-block-post-excerpt__excerpt\">Padd est le sp\u00e9cialiste du mat\u00e9riel d&rsquo;\u00e9quitation pour cheval et cavalier depuis 1974. D\u00e9couvrez plus de 12.000 produits pour l&rsquo;\u00e9quipement du cheval<\/p><p class=\"wp-block-post-excerpt__more-text\"><a class=\"wp-block-post-excerpt__more-link\" href=\"https:\/\/jdcpvo.com\/index.php\/2024\/05\/21\/padd\/\">lire la suite<\/a><\/p><\/div>\n\n\n<hr class=\"wp-block-separator has-css-opacity\"\/>\n\n\n<div class=\"wp-block-post-date\"><time datetime=\"2024-05-21T22:47:56+02:00\">21 mai 2024<\/time><\/div>\n<\/li><li class=\"wp-block-post post-1204 post type-post status-publish format-standard has-post-thumbnail hentry category-exposants\">\n<h2 class=\"wp-block-post-title has-large-font-size\"><a href=\"https:\/\/jdcpvo.com\/index.php\/2024\/05\/21\/gwendoline-masseur-equin-et-canin\/\" target=\"_self\" >Gwendoline masseur \u00e9quin et canin<\/a><\/h2>\n\n<figure style=\"width:150px;height:150px;\" class=\"alignwide wp-block-post-featured-image wp-duotone-unset-9\"><a href=\"https:\/\/jdcpvo.com\/index.php\/2024\/05\/21\/gwendoline-masseur-equin-et-canin\/\" target=\"_self\"  style=\"height:150px\"><img loading=\"lazy\" decoding=\"async\" width=\"671\" height=\"676\" src=\"https:\/\/jdcpvo.com\/wp-content\/uploads\/2024\/06\/ndw.jpg\" class=\"attachment-post-thumbnail size-post-thumbnail wp-post-image\" alt=\"Gwendoline masseur \u00e9quin et canin\" style=\"height:150px;object-fit:cover;\" srcset=\"https:\/\/jdcpvo.com\/wp-content\/uploads\/2024\/06\/ndw.jpg 671w, https:\/\/jdcpvo.com\/wp-content\/uploads\/2024\/06\/ndw-298x300.jpg 298w, https:\/\/jdcpvo.com\/wp-content\/uploads\/2024\/06\/ndw-150x150.jpg 150w\" sizes=\"(max-width: 671px) 100vw, 671px\" \/><\/a><\/figure>\n\n<div class=\"wp-block-post-excerpt\"><p class=\"wp-block-post-excerpt__excerpt\">\u00ab\u00a0Je suis masseuse animalier situ\u00e9e dans le Val d&rsquo;Oise. J&rsquo;ai suivi la formation compl\u00e8te dispens\u00e9e par KURT HUYGHE, masseur certifi\u00e9 de l&rsquo;\u00e9cole de massage hippique de WEERT ( pays bas). Cela va bient\u00f4t faire 10 ans que le milieu des animaux me passionne et quelques ann\u00e9es que je travaille dans ce milieu. Propri\u00e9taire de diff\u00e9rents<\/p><p class=\"wp-block-post-excerpt__more-text\"><a class=\"wp-block-post-excerpt__more-link\" href=\"https:\/\/jdcpvo.com\/index.php\/2024\/05\/21\/gwendoline-masseur-equin-et-canin\/\">lire la suite<\/a><\/p><\/div>\n\n\n<hr class=\"wp-block-separator has-css-opacity\"\/>\n\n\n<div class=\"wp-block-post-date\"><time datetime=\"2024-05-21T17:14:41+02:00\">21 mai 2024<\/time><\/div>\n<\/li><li class=\"wp-block-post post-1197 post type-post status-publish format-standard has-post-thumbnail hentry category-exposants tag-exposants\">\n<h2 class=\"wp-block-post-title has-large-font-size\"><a href=\"https:\/\/jdcpvo.com\/index.php\/2024\/05\/21\/cmc-trophee-pantin\/\" target=\"_self\" >CMC TROPH\u00c9E PANTIN<\/a><\/h2>\n\n<figure style=\"width:150px;height:150px;\" class=\"alignwide wp-block-post-featured-image wp-duotone-unset-10\"><a href=\"https:\/\/jdcpvo.com\/index.php\/2024\/05\/21\/cmc-trophee-pantin\/\" target=\"_self\"  style=\"height:150px\"><img loading=\"lazy\" decoding=\"async\" width=\"1024\" height=\"500\" src=\"https:\/\/jdcpvo.com\/wp-content\/uploads\/2024\/05\/2020-LOGO-CMC-1024x500-1.jpg\" class=\"attachment-post-thumbnail size-post-thumbnail wp-post-image\" alt=\"CMC TROPH\u00c9E PANTIN\" style=\"height:150px;object-fit:cover;\" srcset=\"https:\/\/jdcpvo.com\/wp-content\/uploads\/2024\/05\/2020-LOGO-CMC-1024x500-1.jpg 1024w, https:\/\/jdcpvo.com\/wp-content\/uploads\/2024\/05\/2020-LOGO-CMC-1024x500-1-300x146.jpg 300w, https:\/\/jdcpvo.com\/wp-content\/uploads\/2024\/05\/2020-LOGO-CMC-1024x500-1-768x375.jpg 768w\" sizes=\"(max-width: 1024px) 100vw, 1024px\" \/><\/a><\/figure>\n\n<div class=\"wp-block-post-excerpt\"><p class=\"wp-block-post-excerpt__excerpt\">Fournisseurs et cr\u00e9ateurs de troph\u00e9es et r\u00e9compenses sur-mesure depuis 1997 \ud83c\udfc6 Venez d\u00e9couvrir nos produits sur place, dans notre boutique \u00e0 Pantin \ud83d\udccd Nous disposons \u00e9galement d\u2019un atelier sur place, afin de personnaliser vos r\u00e9compenses rapidement&nbsp;! \u26a1 Choisir CMC Troph\u00e9es, c\u2019est s\u2019assurer d\u2019une gamme compl\u00e8te de r\u00e9compenses (+ de 10&nbsp;000 r\u00e9f\u00e9rences) et d\u2019une \u00e9quipe \u00e0<\/p><p class=\"wp-block-post-excerpt__more-text\"><a class=\"wp-block-post-excerpt__more-link\" href=\"https:\/\/jdcpvo.com\/index.php\/2024\/05\/21\/cmc-trophee-pantin\/\">lire la suite<\/a><\/p><\/div>\n\n\n<hr class=\"wp-block-separator has-css-opacity\"\/>\n\n\n<div class=\"wp-block-post-date\"><time datetime=\"2024-05-21T17:03:28+02:00\">21 mai 2024<\/time><\/div>\n<\/li><\/ul><\/div>\n","protected":false},"excerpt":{"rendered":"","protected":false},"author":1,"featured_media":0,"parent":0,"menu_order":0,"comment_status":"closed","ping_status":"closed","template":"","meta":{"footnotes":""},"class_list":["post-654","page","type-page","status-publish","hentry"],"mfb_rest_fields":["gutenberg_elementor_mode"],"_links":{"self":[{"href":"https:\/\/jdcpvo.com\/index.php\/wp-json\/wp\/v2\/pages\/654","targetHints":{"allow":["GET"]}}],"collection":[{"href":"https:\/\/jdcpvo.com\/index.php\/wp-json\/wp\/v2\/pages"}],"about":[{"href":"https:\/\/jdcpvo.com\/index.php\/wp-json\/wp\/v2\/types\/page"}],"author":[{"embeddable":true,"href":"https:\/\/jdcpvo.com\/index.php\/wp-json\/wp\/v2\/users\/1"}],"replies":[{"embeddable":true,"href":"https:\/\/jdcpvo.com\/index.php\/wp-json\/wp\/v2\/comments?post=654"}],"version-history":[{"count":26,"href":"https:\/\/jdcpvo.com\/index.php\/wp-json\/wp\/v2\/pages\/654\/revisions"}],"predecessor-version":[{"id":1922,"href":"https:\/\/jdcpvo.com\/index.php\/wp-json\/wp\/v2\/pages\/654\/revisions\/1922"}],"wp:attachment":[{"href":"https:\/\/jdcpvo.com\/index.php\/wp-json\/wp\/v2\/media?parent=654"}],"curies":[{"name":"wp","href":"https:\/\/api.w.org\/{rel}","templated":true}]}}