{"id":656,"date":"2024-05-06T10:25:14","date_gmt":"2024-05-06T08:25:14","guid":{"rendered":"https:\/\/jdcpvo.com\/?page_id=656"},"modified":"2024-06-04T21:17:47","modified_gmt":"2024-06-04T19:17:47","slug":"village-des-metiers-du-cheval","status":"publish","type":"page","link":"https:\/\/jdcpvo.com\/index.php\/village-des-metiers-du-cheval\/","title":{"rendered":"Village des m\u00e9tiers du cheval"},"content":{"rendered":"\n<p class=\"has-large-font-size\"><strong>Nous avons r\u00e9unis des sp\u00e9cialistes dans les m\u00e9tiers du cheval.<\/strong><\/p>\n\n\n\n<div class=\"wp-block-query is-layout-flow wp-block-query-is-layout-flow\"><ul class=\"wp-block-post-template is-layout-flow wp-block-post-template-is-layout-flow\"><li class=\"wp-block-post post-1911 post type-post status-publish format-standard has-post-thumbnail hentry category-metiers-du-cheval\">\n<h2 class=\"wp-block-post-title has-large-font-size\"><a href=\"https:\/\/jdcpvo.com\/index.php\/2024\/06\/04\/as-marechalerie\/\" target=\"_self\" >AS MAR\u00c9CHALERIE<\/a><\/h2>\n\n<figure class=\"alignwide wp-block-post-featured-image wp-duotone-default-filter\"><a href=\"https:\/\/jdcpvo.com\/index.php\/2024\/06\/04\/as-marechalerie\/\" target=\"_self\"  ><img fetchpriority=\"high\" decoding=\"async\" width=\"922\" height=\"922\" src=\"https:\/\/jdcpvo.com\/wp-content\/uploads\/2024\/06\/image.jpeg\" class=\"attachment-post-thumbnail size-post-thumbnail wp-post-image\" alt=\"AS MAR\u00c9CHALERIE\" style=\"object-fit:cover;\" srcset=\"https:\/\/jdcpvo.com\/wp-content\/uploads\/2024\/06\/image.jpeg 922w, https:\/\/jdcpvo.com\/wp-content\/uploads\/2024\/06\/image-300x300.jpeg 300w, https:\/\/jdcpvo.com\/wp-content\/uploads\/2024\/06\/image-150x150.jpeg 150w, https:\/\/jdcpvo.com\/wp-content\/uploads\/2024\/06\/image-768x768.jpeg 768w\" sizes=\"(max-width: 922px) 100vw, 922px\" \/><\/a><\/figure>\n\n<div class=\"wp-block-post-excerpt\"><p class=\"wp-block-post-excerpt__excerpt\"> <\/p><\/div>\n\n\n<hr class=\"wp-block-separator has-css-opacity\"\/>\n\n\n<div class=\"wp-block-post-date\"><time datetime=\"2024-06-04T16:30:34+02:00\">4 juin 2024<\/time><\/div>\n<\/li><li class=\"wp-block-post post-1615 post type-post status-publish format-standard has-post-thumbnail hentry category-metiers-du-cheval\">\n<h2 class=\"wp-block-post-title has-large-font-size\"><a href=\"https:\/\/jdcpvo.com\/index.php\/2024\/05\/31\/nathalie-et-claude-saddle-filier\/\" target=\"_self\" >SADDLE FITTER<\/a><\/h2>\n\n<figure class=\"alignwide wp-block-post-featured-image wp-duotone-default-filter\"><a href=\"https:\/\/jdcpvo.com\/index.php\/2024\/05\/31\/nathalie-et-claude-saddle-filier\/\" target=\"_self\"  ><img decoding=\"async\" width=\"320\" height=\"218\" src=\"https:\/\/jdcpvo.com\/wp-content\/uploads\/2024\/05\/CV_Recto.jpeg\" class=\"attachment-post-thumbnail size-post-thumbnail wp-post-image\" alt=\"SADDLE FITTER\" style=\"object-fit:cover;\" srcset=\"https:\/\/jdcpvo.com\/wp-content\/uploads\/2024\/05\/CV_Recto.jpeg 320w, https:\/\/jdcpvo.com\/wp-content\/uploads\/2024\/05\/CV_Recto-300x204.jpeg 300w\" sizes=\"(max-width: 320px) 100vw, 320px\" \/><\/a><\/figure>\n\n<div class=\"wp-block-post-excerpt\"><p class=\"wp-block-post-excerpt__excerpt\">Qui sont Saddle Fitter ? AMPLITUDE SELLERIE est sp\u00e9cialis\u00e9 dansl\u2019adaptation de l\u2019\u00e9quipement du cheval. En proposantun ensemble de prestations et de produits dans le butde faire \u00e9voluer la pratique \u00e9questre du sportif, c\u2019estdans l\u2019harmonie et le respect de la monture,qu\u2019AMPLITUDE Sellerie et le cavalier travaillentensemble. Pour les cavaliers pro, amateurs, structure\u00e9questres, centre \u00e9questres, poneys club,\u2026 <\/p><\/div>\n\n\n<hr class=\"wp-block-separator has-css-opacity\"\/>\n\n\n<div class=\"wp-block-post-date\"><time datetime=\"2024-05-31T10:34:39+02:00\">31 mai 2024<\/time><\/div>\n<\/li><li class=\"wp-block-post post-1268 post type-post status-publish format-standard has-post-thumbnail hentry category-metiers-du-cheval\">\n<h2 class=\"wp-block-post-title has-large-font-size\"><a href=\"https:\/\/jdcpvo.com\/index.php\/2024\/05\/22\/valerie-collinorange-fr-3ptits-clous\/\" target=\"_self\" >Sellerie 3 ptits clous VIARMES<\/a><\/h2>\n\n<figure class=\"alignwide wp-block-post-featured-image wp-duotone-default-filter\"><a href=\"https:\/\/jdcpvo.com\/index.php\/2024\/05\/22\/valerie-collinorange-fr-3ptits-clous\/\" target=\"_self\"  ><img decoding=\"async\" width=\"982\" height=\"982\" src=\"https:\/\/jdcpvo.com\/wp-content\/uploads\/2024\/05\/299833159_467818395354401_6794585647354484239_n.jpg\" class=\"attachment-post-thumbnail size-post-thumbnail wp-post-image\" alt=\"Sellerie 3 ptits clous VIARMES\" style=\"object-fit:cover;\" srcset=\"https:\/\/jdcpvo.com\/wp-content\/uploads\/2024\/05\/299833159_467818395354401_6794585647354484239_n.jpg 982w, https:\/\/jdcpvo.com\/wp-content\/uploads\/2024\/05\/299833159_467818395354401_6794585647354484239_n-300x300.jpg 300w, https:\/\/jdcpvo.com\/wp-content\/uploads\/2024\/05\/299833159_467818395354401_6794585647354484239_n-150x150.jpg 150w, https:\/\/jdcpvo.com\/wp-content\/uploads\/2024\/05\/299833159_467818395354401_6794585647354484239_n-768x768.jpg 768w\" sizes=\"(max-width: 982px) 100vw, 982px\" \/><\/a><\/figure>\n\n<div class=\"wp-block-post-excerpt\"><p class=\"wp-block-post-excerpt__excerpt\"> <\/p><\/div>\n\n\n<hr class=\"wp-block-separator has-css-opacity\"\/>\n\n\n<div class=\"wp-block-post-date\"><time datetime=\"2024-05-22T09:16:13+02:00\">22 mai 2024<\/time><\/div>\n<\/li><li class=\"wp-block-post post-1224 post type-post status-publish format-standard has-post-thumbnail hentry category-metiers-du-cheval\">\n<h2 class=\"wp-block-post-title has-large-font-size\"><a href=\"https:\/\/jdcpvo.com\/index.php\/2024\/05\/21\/ifce\/\" target=\"_self\" >IFCE (HARAS NATIONAUX<\/a><\/h2>\n\n<figure class=\"alignwide wp-block-post-featured-image wp-duotone-default-filter\"><a href=\"https:\/\/jdcpvo.com\/index.php\/2024\/05\/21\/ifce\/\" target=\"_self\"  ><img loading=\"lazy\" decoding=\"async\" width=\"2003\" height=\"1027\" src=\"https:\/\/jdcpvo.com\/wp-content\/uploads\/2024\/05\/Logo_IFCE-Horizontal_v2.jpg\" class=\"attachment-post-thumbnail size-post-thumbnail wp-post-image\" alt=\"IFCE (HARAS NATIONAUX\" style=\"object-fit:cover;\" srcset=\"https:\/\/jdcpvo.com\/wp-content\/uploads\/2024\/05\/Logo_IFCE-Horizontal_v2.jpg 2003w, https:\/\/jdcpvo.com\/wp-content\/uploads\/2024\/05\/Logo_IFCE-Horizontal_v2-300x154.jpg 300w, https:\/\/jdcpvo.com\/wp-content\/uploads\/2024\/05\/Logo_IFCE-Horizontal_v2-1024x525.jpg 1024w, https:\/\/jdcpvo.com\/wp-content\/uploads\/2024\/05\/Logo_IFCE-Horizontal_v2-768x394.jpg 768w, https:\/\/jdcpvo.com\/wp-content\/uploads\/2024\/05\/Logo_IFCE-Horizontal_v2-1536x788.jpg 1536w\" sizes=\"(max-width: 2003px) 100vw, 2003px\" \/><\/a><\/figure>\n\n<div class=\"wp-block-post-excerpt\"><p class=\"wp-block-post-excerpt__excerpt\">Service \u00e9metteur&nbsp;: &nbsp;IFCE (Haras Nationaux) \u2013 D\u00e9l\u00e9gation territoriale Nord Ouest (DTNO) L&rsquo;Institut fran\u00e7ais du cheval et de l&rsquo;\u00e9quitation est l&rsquo;op\u00e9rateur public pour accompagner la fili\u00e8re \u00e9quine de l\u2019\u00e9levage du cheval \u00e0 l\u2019\u00e9quitation et au sport de haut niveau. Il intervient aussi bien au niveau national, qu\u2019europ\u00e9en et international. Ses actions s&rsquo;exercent au profit de la\u2026 <\/p><\/div>\n\n\n<hr class=\"wp-block-separator has-css-opacity\"\/>\n\n\n<div class=\"wp-block-post-date\"><time datetime=\"2024-05-21T22:54:19+02:00\">21 mai 2024<\/time><\/div>\n<\/li><li class=\"wp-block-post post-1222 post type-post status-publish format-standard has-post-thumbnail hentry category-metiers-du-cheval category-partenaires\">\n<h2 class=\"wp-block-post-title has-large-font-size\"><a href=\"https:\/\/jdcpvo.com\/index.php\/2024\/05\/21\/destrier\/\" target=\"_self\" >ALIMENTS DESTRIER NEALIA<\/a><\/h2>\n\n<figure class=\"alignwide wp-block-post-featured-image wp-duotone-default-filter\"><a href=\"https:\/\/jdcpvo.com\/index.php\/2024\/05\/21\/destrier\/\" target=\"_self\"  ><img loading=\"lazy\" decoding=\"async\" width=\"150\" height=\"150\" src=\"https:\/\/jdcpvo.com\/wp-content\/uploads\/2024\/06\/logo-destrier.jpg\" class=\"attachment-post-thumbnail size-post-thumbnail wp-post-image\" alt=\"ALIMENTS DESTRIER NEALIA\" style=\"object-fit:cover;\" \/><\/a><\/figure>\n\n<div class=\"wp-block-post-excerpt\"><p class=\"wp-block-post-excerpt__excerpt\"> <\/p><\/div>\n\n\n<hr class=\"wp-block-separator has-css-opacity\"\/>\n\n\n<div class=\"wp-block-post-date\"><time datetime=\"2024-05-21T22:50:01+02:00\">21 mai 2024<\/time><\/div>\n<\/li><li class=\"wp-block-post post-1210 post type-post status-publish format-standard has-post-thumbnail hentry category-metiers-du-cheval\">\n<h2 class=\"wp-block-post-title has-large-font-size\"><a href=\"https:\/\/jdcpvo.com\/index.php\/2024\/05\/21\/ecole-garde-equestre\/\" target=\"_self\" >Ecole Garde Equestre (SAINT CIERS D\u2019ABZAC)<\/a><\/h2>\n\n<figure class=\"alignwide wp-block-post-featured-image wp-duotone-default-filter\"><a href=\"https:\/\/jdcpvo.com\/index.php\/2024\/05\/21\/ecole-garde-equestre\/\" target=\"_self\"  ><img loading=\"lazy\" decoding=\"async\" width=\"509\" height=\"528\" src=\"https:\/\/jdcpvo.com\/wp-content\/uploads\/2024\/05\/logo-Site-V2-1.jpg\" class=\"attachment-post-thumbnail size-post-thumbnail wp-post-image\" alt=\"Ecole Garde Equestre (SAINT CIERS D\u2019ABZAC)\" style=\"object-fit:cover;\" srcset=\"https:\/\/jdcpvo.com\/wp-content\/uploads\/2024\/05\/logo-Site-V2-1.jpg 509w, https:\/\/jdcpvo.com\/wp-content\/uploads\/2024\/05\/logo-Site-V2-1-289x300.jpg 289w\" sizes=\"(max-width: 509px) 100vw, 509px\" \/><\/a><\/figure>\n\n<div class=\"wp-block-post-excerpt\"><p class=\"wp-block-post-excerpt__excerpt\">Ecole Garde Equestre a \u00e9t\u00e9 cr\u00e9\u00e9e en 2013, pour former des personnes aux merveilleux m\u00e9tiers de Garde Equestre.La fonction Garde Equestre est g\u00e9n\u00e9rique puisque un Garde \u00e9questre peut \u00eatre : <\/p><\/div>\n\n\n<hr class=\"wp-block-separator has-css-opacity\"\/>\n\n\n<div class=\"wp-block-post-date\"><time datetime=\"2024-05-21T17:20:36+02:00\">21 mai 2024<\/time><\/div>\n<\/li><\/ul><\/div>\n","protected":false},"excerpt":{"rendered":"<p>Nous avons r\u00e9unis des sp\u00e9cialistes dans les m\u00e9tiers du cheval.<\/p>\n","protected":false},"author":1,"featured_media":0,"parent":0,"menu_order":0,"comment_status":"closed","ping_status":"closed","template":"","meta":{"footnotes":""},"class_list":["post-656","page","type-page","status-publish","hentry"],"mfb_rest_fields":["gutenberg_elementor_mode"],"_links":{"self":[{"href":"https:\/\/jdcpvo.com\/index.php\/wp-json\/wp\/v2\/pages\/656","targetHints":{"allow":["GET"]}}],"collection":[{"href":"https:\/\/jdcpvo.com\/index.php\/wp-json\/wp\/v2\/pages"}],"about":[{"href":"https:\/\/jdcpvo.com\/index.php\/wp-json\/wp\/v2\/types\/page"}],"author":[{"embeddable":true,"href":"https:\/\/jdcpvo.com\/index.php\/wp-json\/wp\/v2\/users\/1"}],"replies":[{"embeddable":true,"href":"https:\/\/jdcpvo.com\/index.php\/wp-json\/wp\/v2\/comments?post=656"}],"version-history":[{"count":19,"href":"https:\/\/jdcpvo.com\/index.php\/wp-json\/wp\/v2\/pages\/656\/revisions"}],"predecessor-version":[{"id":2054,"href":"https:\/\/jdcpvo.com\/index.php\/wp-json\/wp\/v2\/pages\/656\/revisions\/2054"}],"wp:attachment":[{"href":"https:\/\/jdcpvo.com\/index.php\/wp-json\/wp\/v2\/media?parent=656"}],"curies":[{"name":"wp","href":"https:\/\/api.w.org\/{rel}","templated":true}]}}